f(a) = -2*a**3 - 9*a**2 + 4*a + 9. Let z(q) = -4*f(q) + 3*i(q). What are the prime factors of z(6)?
2, 3, 5
Let r be 46/(-3) - 1/(-3). List the prime factors of (-1854)/r + 4/10.
2, 31
Let j(y) = -2*y + 12 + 8*y - 5*y. Let g be j(-8). List the prime factors of (2 - 0) + 148/g.
3, 13
Suppose -h = 4*h. Suppose 7*c - 26 = -3*t + 2*c, -5*c + 20 = h. What are the prime factors of t*1 + (-8 - -40)?
2, 17
Let r be (-1*6)/(5/(-5) - -2). List the prime factors of (-2)/r + 5537/21.
2, 3, 11
Let d(z) = -z**3 - 10*z**2 + 10*z - 12. Let g be d(-11). Let m = 1 - g. Suppose -m = -n + 3. List the prime factors of n.
5
Let c be 55/60*4*18. Let i = c + -35. List the prime factors of i.
31
Let i(q) = q**2 - 17*q + 30. Let g be i(15). Suppose 0*s = -s + n + 19, -3*s - 5*n + 57 = g. What are the prime factors of s?
19
Let r(p) = p**3 - 10*p**2 + 8*p - 16. Let z be r(13). Suppose -6*d + d = -z. What are the prime factors of d?
7, 17
List the prime factors of (-130)/(-15)*-27*(-22)/6.
2, 3, 11, 13
List the prime factors of 0 - (-800 - (2 + 8)).
2, 3, 5
Let h = -25 - -29. Suppose -2*k + c = -65, k - h*c - 43 = -0*c. What are the prime factors of k?
31
Suppose -8*z = -10*z + f + 2027, 0 = -z - 2*f + 1011. List the prime factors of z.
1013
Let d(l) = 19*l - 8. Let n be d(8). Let j be n + 0/(-4) + -4. Let a = j - 74. What are the prime factors of a?
2, 3, 11
Let n(i) = 95*i + 27. List the prime factors of n(2).
7, 31
Suppose -3*p + 2979 = z, -p = 4*p + 4*z - 4972. Suppose -13*k = -5*k - p. What are the prime factors of k?
2, 31
Suppose 101*r - 86*r = 12285. What are the prime factors of r?
3, 7, 13
Let y(b) = -11*b**2 + 12*b**2 + 4*b**2 + 3*b + 2. List the prime factors of y(-2).
2
Suppose -2*a - 9*b + 156 = -6*b, 2*b - 78 = -a. List the prime factors of a.
2, 3, 13
Suppose -p - 25*j + 28*j = -2034, 0 = 2*j - 6. List the prime factors of p.
3, 227
Suppose -2*d - 294 = 4*x, 0 = 3*d - 4*d + 4*x - 117. Let g = 262 + -68. Let s = g + d. List the prime factors of s.
3, 19
Let m(t) = t**2 - 9*t - 3. Let c be m(9). Let j = 58 - c. List the prime factors of j.
61
Suppose 6*k + 271 = -305. Let o = 84 - k. What are the prime factors of o?
2, 3, 5
Let f = 71 - 89. Let j = f - -79. List the prime factors of j.
61
Suppose 0 = 2*i + i - 18. Let s be ((-98)/(-21))/((-4)/i). Let p = s - -10. List the prime factors of p.
3
Let d = 3081 + -1953. What are the prime factors of d?
2, 3, 47
Let o = 278 + -185. List the prime factors of o.
3, 31
Suppose 3*x + p + 18 = 0, 3*x = x + 3*p - 12. Let a be (-306)/(-24) + x/8. Suppose 3*y = a - 0. What are the prime factors of y?
2
Let l(o) = -o**2 + 14*o + 14. Let i be l(16). List the prime factors of 288/i*(1 + (-82)/8).
2, 37
Suppose 11838 = 4*j + 2*g, 4*j - 2*g = -3*g + 11833. What are the prime factors of j?
2957
Let w be (3 + 2)*(0 - -1). Suppose 0 = -n - 3*j + 200, -w*n - 2*j = j - 1048. What are the prime factors of n?
2, 53
Let x(q) = 7*q**2 - 62*q - 116. List the prime factors of x(-11).
3, 157
What are the prime factors of -37 + 25 - -13*5?
53
What are the prime factors of 7*(135 + 2 + 2)?
7, 139
Let u = 51 + 26. Let x = 67 - 62. Suppose -x*l + 73 = -u. What are the prime factors of l?
2, 3, 5
Let v = 4182 + -2475. List the prime factors of v.
3, 569
Let s be (18/12)/((-2)/(-68)). Suppose -2*n = -n - s. What are the prime factors of n?
3, 17
Let x(m) = -m**3 + 2*m**2 + m - 7. Let y(d) = -d**3 + 3*d**2 - 7. Let h(z) = 5*x(z) - 4*y(z). Let v be (3/(-6))/((-1)/(-10)). List the prime factors of h(v).
43
Let j = 36 - 34. Suppose -146 - 204 = -j*d. Let r = -101 + d. List the prime factors of r.
2, 37
Let j(n) = -n + 12. Let p be j(13). Let b(l) = -153*l**3 - 3*l - 3. What are the prime factors of b(p)?
3, 17
Let h = 33 + -31. Suppose -8*p + 60 = -4*p. Suppose -3*g = -p, -3*g = -5*t - h*g + 55. List the prime factors of t.
2, 3
Let i(o) = -434*o - 269. List the prime factors of i(-6).
5, 467
Suppose -2*n + 4*x = 14, -5*n - x + 6 = -14. Suppose n*z - 3 = -0*z. Let u(v) = 53*v**2 + v - 2. List the prime factors of u(z).
2, 13
List the prime factors of ((-520)/14)/((-41)/287).
2, 5, 13
Suppose 3*r = -3*r + 12. Suppose 3*q = -4*s + 209, -126 = -2*q + 2*s + r*s. What are the prime factors of q?
67
Suppose -18*v + 37*v = 12692. List the prime factors of v.
2, 167
Let k = -82 - -35. Let p = 82 + k. List the prime factors of p.
5, 7
Let o = -2 + 6. Suppose -163 = -2*w - w - r, -o*r + 16 = 0. Suppose -3*j + 4*b + w = -20, -4*j + b = -80. What are the prime factors of j?
19
Let o = 30 + -29. Suppose -5 + o = -y. List the prime factors of y.
2
Suppose 2*o - 3*u - 136 = 0, -2*u + 88 = 3*o - 90. What are the prime factors of o?
2, 31
Let n be (-45)/(-8) + (-21)/(-56). Suppose -n*h + 5 + 139 = 0. List the prime factors of h.
2, 3
Let n(f) be the first derivative of -2*f**3/3 - 4*f**2 + 6*f + 1. Let o(j) be the first derivative of n(j). List the prime factors of o(-9).
2, 7
Let p(z) = -2*z + 14. Let t(j) = j + 3. Let s be t(-3). Let q be p(s). Suppose 2*u - q = 14. What are the prime factors of u?
2, 7
Suppose 32*i + 1545 = 59145. List the prime factors of i.
2, 3, 5
Let o(d) = 785*d**3 + d**2 - 2*d. Let j be o(1). Suppose -j = -5*v + 2*b, 0 = 2*v + 4*b + b - 302. List the prime factors of v.
2, 3, 13
Let v(w) = w**3 + 10*w**2 + w + 8. Let n be v(-10). Let g be n/9 - (-3501)/81. Suppose g = -4*f + 147. What are the prime factors of f?
2, 13
Suppose -c = -0*c - 4. Suppose 33 + 47 = c*f. Let h = f + -17. List the prime factors of h.
3
Suppose 2*y + 2*x = 1750, 4*y + 2*x + 3500 = 8*y. Suppose -6*b + b = -y. What are the prime factors of b?
5, 7
List the prime factors of ((-5)/2)/(90/(-2628)).
73
Suppose k + 2955 = -14*k. Let i = k - -305. List the prime factors of i.
2, 3
Suppose -5474 = -o - 6*o. What are the prime factors of o?
2, 17, 23
Let d(n) = -478*n + 14. What are the prime factors of d(-2)?
2, 5, 97
Let u be (-6)/(-8) + 1572/(-48). Let x be u/(-18) + 4/18. Suppose 2*h + i - 42 = x*i, 85 = 3*h + 4*i. What are the prime factors of h?
23
Suppose -24*l = -61*l + 185592. List the prime factors of l.
2, 3, 11, 19
Suppose 8*q + 77 = -251. Let d = q - -116. List the prime factors of d.
3, 5
Suppose 0 = 10*a - 7*a - 2985. List the prime factors of a.
5, 199
What are the prime factors of 2/(-11) - 30342/(-143)?
2, 53
Let w = 1352 - -1352. What are the prime factors of w?
2, 13
Let q be (12/(-7))/((-10)/(-70)). What are the prime factors of (q*(-8)/60)/((-2)/(-60))?
2, 3
Suppose -j - 3*j - 2 = -5*q, 2*j + 4*q = 12. Suppose j*t - t - 38 = 0. Suppose 2*u + 4*o - 96 = 0, 0 = -2*u - 2*o + 48 + t. List the prime factors of u.
2, 19
Suppose 43*f + 1608 = 44*f. What are the prime factors of f?
2, 3, 67
Let y be 14/2*48/14. Suppose -6*c = -y - 0. List the prime factors of c.
2
Let u = -44 + 24. List the prime factors of u/(3 - 5) + (-1 - 1).
2
Let h(q) = 12*q**2 - 311*q + 20. What are the prime factors of h(32)?
2, 19, 31
List the prime factors of 6 - (9/(-6))/((-33)/(-2618)).
5
Let p = 131 - 4. Let j = p - 82. Suppose 2*z - j = z. List the prime factors of z.
3, 5
Suppose 0*x + 5*x - 467 = -v, 4*x = v - 512. Suppose 140 - v = -4*d. What are the prime factors of d?
2, 11
Suppose x - 19 = -3*y, 5*y - 29 = -4*x + 5. Suppose -162 = -0*d - y*d. What are the prime factors of d?
3
Let t be 75/6 + (-1)/(-2). Let i(o) = -14*o**2 + 3*o**3 + 279 - 2*o**3 + 15*o - 262. What are the prime factors of i(t)?
43
Let o = 2232 + -1464. Suppose 2*y = -6*y + o. What are the prime factors of y?
2, 3
Let a(u) = 22*u**2 + 2*u - 13. List the prime factors of a(-5).
17, 31
Suppose -494 = -8*v - 366. What are the prime factors of v?
2
Let r = -371 + 524. Suppose 0 = -2*t + 3*v + 2*v + r, -4*t + 3*v = -327. List the prime factors of t.
2, 3, 7
Let i = -658 + 1190. List the prime factors of i.
2, 7, 19
Let l(j) be the second derivative of -6*j + 1/12*j**4 - 2/3*j**3 + 0 + 5/2*j**2. What are the prime factors of l(4)?
5
Let n(t) = -t**3 + 6*t**2 - 6*t + 1. Let v be n(5). Let j(a) = a**3 + 5*a**2 - 3*a - 10. What are the prime factors of j(v)?
2, 3
List the prime factors of (9994/(-190))/((-1)/5).
263
What are the prime factors of (0 - (-29 - -3))*(-212)/(-8)?
13, 53
Suppose -24 = -9*m + 21. Suppose 2*j = m*j - 681. What are the prime factors of j?
227
Let s(n) = 14 + 6 - 5 - 14*n + 4. List the pri